{"id":63,"date":"2023-12-29T20:50:36","date_gmt":"2023-12-29T19:50:36","guid":{"rendered":"https:\/\/mohair-audois.com\/?post_type=product&#038;p=63"},"modified":"2025-11-06T12:12:50","modified_gmt":"2025-11-06T11:12:50","slug":"chaussettes-randonnee","status":"publish","type":"product","link":"https:\/\/mohair-audois.com\/index.php\/produit\/chaussettes-randonnee\/","title":{"rendered":"Chaussettes Randonn\u00e9es"},"content":{"rendered":"<p>Ces Chaussettes de randonn\u00e9e garderons vos pieds bien au chaud et vous apporteront un maximum de confort et de douceur durant toutes vos activit\u00e9s de plein air ou pour un usage quotidien gr\u00e2ce \u00e0 l&rsquo;alliage de deux fibres naturelle,<strong> le mohair et le m\u00e9rinos<\/strong>.<\/p>\n<p>Composition : 46% mohair\/45% m\u00e9rinos \/8% polyamide\/1\u00b0 \u00e9lasthanne<\/p>\n<p>Conseil d&rsquo;entretien : Lavable en machine \u00e0 30\u00b0C et s\u00e9chage \u00e0 plat \u00e0 l&rsquo;ombre<\/p>\n","protected":false},"excerpt":{"rendered":"<p>Ces Chaussettes de randonn\u00e9e garderons vos pieds bien au chaud et vous apporteront un maximum de confort et de douceur durant toutes vos activit\u00e9s de plein air ou pour un usage quotidien gr\u00e2ce \u00e0 l&rsquo;alliage de deux fibres naturelle, le mohair et le m\u00e9rinos. Composition : 46% mohair\/45% m\u00e9rinos \/8% polyamide\/1\u00b0 \u00e9lasthanne Conseil d&rsquo;entretien : &hellip; <\/p>\n","protected":false},"featured_media":73,"comment_status":"open","ping_status":"closed","template":"","meta":[],"product_brand":[],"product_cat":[17],"product_tag":[],"class_list":{"0":"post-63","1":"product","2":"type-product","3":"status-publish","4":"has-post-thumbnail","6":"product_cat-accessoires","8":"first","9":"instock","10":"shipping-taxable","11":"purchasable","12":"product-type-variable"},"_links":{"self":[{"href":"https:\/\/mohair-audois.com\/index.php\/wp-json\/wp\/v2\/product\/63","targetHints":{"allow":["GET"]}}],"collection":[{"href":"https:\/\/mohair-audois.com\/index.php\/wp-json\/wp\/v2\/product"}],"about":[{"href":"https:\/\/mohair-audois.com\/index.php\/wp-json\/wp\/v2\/types\/product"}],"replies":[{"embeddable":true,"href":"https:\/\/mohair-audois.com\/index.php\/wp-json\/wp\/v2\/comments?post=63"}],"wp:featuredmedia":[{"embeddable":true,"href":"https:\/\/mohair-audois.com\/index.php\/wp-json\/wp\/v2\/media\/73"}],"wp:attachment":[{"href":"https:\/\/mohair-audois.com\/index.php\/wp-json\/wp\/v2\/media?parent=63"}],"wp:term":[{"taxonomy":"product_brand","embeddable":true,"href":"https:\/\/mohair-audois.com\/index.php\/wp-json\/wp\/v2\/product_brand?post=63"},{"taxonomy":"product_cat","embeddable":true,"href":"https:\/\/mohair-audois.com\/index.php\/wp-json\/wp\/v2\/product_cat?post=63"},{"taxonomy":"product_tag","embeddable":true,"href":"https:\/\/mohair-audois.com\/index.php\/wp-json\/wp\/v2\/product_tag?post=63"}],"curies":[{"name":"wp","href":"https:\/\/api.w.org\/{rel}","templated":true}]}}