{"id":82,"date":"2023-12-29T22:22:40","date_gmt":"2023-12-29T21:22:40","guid":{"rendered":"https:\/\/mohair-audois.com\/?post_type=product&#038;p=82"},"modified":"2025-03-23T15:41:52","modified_gmt":"2025-03-23T14:41:52","slug":"gants","status":"publish","type":"product","link":"https:\/\/mohair-audois.com\/index.php\/produit\/gants\/","title":{"rendered":"Les Gants"},"content":{"rendered":"<p>Ces gants confortables vous assureront une douceur et une protection parfaite contre le froid avec une sensation de bien-\u00eatre.<\/p>\n<p>Taille : T 7 (standard femme)<\/p>\n<p>Composition : 60% mohair \/ 40% soie<\/p>\n<p>Conseil d&rsquo;entretien: lavage \u00e0 la main et s\u00e9chage \u00e0 plat<\/p>\n<p>&nbsp;<\/p>\n<p>&nbsp;<\/p>\n","protected":false},"excerpt":{"rendered":"<p>Ces gants confortables vous assureront une douceur et une protection parfaite contre le froid avec une sensation de bien-\u00eatre. Taille : T 7 (standard femme) Composition : 60% mohair \/ 40% soie Conseil d&rsquo;entretien: lavage \u00e0 la main et s\u00e9chage \u00e0 plat &nbsp; &nbsp;<\/p>\n","protected":false},"featured_media":83,"comment_status":"open","ping_status":"closed","template":"","meta":[],"product_brand":[],"product_cat":[17],"product_tag":[],"class_list":{"0":"post-82","1":"product","2":"type-product","3":"status-publish","4":"has-post-thumbnail","6":"product_cat-accessoires","8":"first","9":"instock","10":"shipping-taxable","11":"purchasable","12":"product-type-variable"},"_links":{"self":[{"href":"https:\/\/mohair-audois.com\/index.php\/wp-json\/wp\/v2\/product\/82","targetHints":{"allow":["GET"]}}],"collection":[{"href":"https:\/\/mohair-audois.com\/index.php\/wp-json\/wp\/v2\/product"}],"about":[{"href":"https:\/\/mohair-audois.com\/index.php\/wp-json\/wp\/v2\/types\/product"}],"replies":[{"embeddable":true,"href":"https:\/\/mohair-audois.com\/index.php\/wp-json\/wp\/v2\/comments?post=82"}],"wp:featuredmedia":[{"embeddable":true,"href":"https:\/\/mohair-audois.com\/index.php\/wp-json\/wp\/v2\/media\/83"}],"wp:attachment":[{"href":"https:\/\/mohair-audois.com\/index.php\/wp-json\/wp\/v2\/media?parent=82"}],"wp:term":[{"taxonomy":"product_brand","embeddable":true,"href":"https:\/\/mohair-audois.com\/index.php\/wp-json\/wp\/v2\/product_brand?post=82"},{"taxonomy":"product_cat","embeddable":true,"href":"https:\/\/mohair-audois.com\/index.php\/wp-json\/wp\/v2\/product_cat?post=82"},{"taxonomy":"product_tag","embeddable":true,"href":"https:\/\/mohair-audois.com\/index.php\/wp-json\/wp\/v2\/product_tag?post=82"}],"curies":[{"name":"wp","href":"https:\/\/api.w.org\/{rel}","templated":true}]}}